12 = -h. Suppose -2*m = q - 2*q - 3, 15 = -5*q. Let b(j) = m*j + j + 1 - 6 + 0*j. Determine b(h).
-5
Let y(i) = i**2 + 16. Let d be (-3)/(-9)*0*9/(-90). Determine y(d).
16
Suppose g - 9 = -s, 8*g - 6*g - 4*s = 0. Let i(j) = j**3 - 5*j**2 - 8*j + 8. What is i(g)?
-4
Let l(j) = -111 - 7*j + 118 + 3*j. Determine l(7).
-21
Let y(p) = p**3 - 6*p**2 - 2*p + 5. Let v be y(6). Let t(w) = 18 - 25 + w + 12. What is t(v)?
-2
Let t(p) = -6*p**2 - 431 - 435 + p**3 - 6*p + 857. Let w = -2 - -9. What is t(w)?
-2
Suppose 2*v + 5*v = -49. Let r(q) = q**2 + 11*q - 2. Determine r(v).
-30
Let d be (12/8)/(-6 - (-104)/16). Let t(m) = -5*m - 1. Give t(d).
-16
Suppose -5*f - 10 = -5*s, 5*s = -2*f + 2*s - 4. Suppose 0 = -3*a + 5*h + 24, -5*a + h + 0*h + 18 = 0. Let g(x) = -4*x - a + 2*x - 2*x + x**2. Give g(f).
9
Let k(i) be the second derivative of -1/2*i**3 - 18*i + 0 + 3*i**2. Suppose 0*u - u = -5. Determine k(u).
-9
Suppose -5*b - 315 = -5*w, 24 = -4*w - 4*b + 252. Let o(t) = -w + 66 - t**3 + 4*t**2 + 3*t + 2*t. Calculate o(5).
6
Let x(u) = -u**3 - 6*u**2 - 4*u + 1. Suppose 2*z + 93 - 23 = 0. Let j = z + 30. Determine x(j).
-4
Let t(f) be the third derivative of f**5/60 + 3*f**4/8 + 11*f**3/6 - 2*f**2 - 51*f. Let x be 1/2 + (-29)/(-2). Let h = 7 - x. Calculate t(h).
3
Suppose 3*c - 8 = -v, 3*v + 4*c = 3*c. Let h(w) be the first derivative of 7*w**4/2 + w**3/3 - w**2/2 - w - 2. Calculate h(v).
-13
Let m(b) = -7*b - 3. Suppose -4*l = 0, l + 1 = o - 2. Let p(f) = o - 6*f - 6 - 1. Let x(r) = -5*m(r) + 6*p(r). Calculate x(0).
-9
Let g(b) be the first derivative of b**4/4 - 11*b**3/3 - 13*b**2/2 + 18*b - 12. Let h be g(12). Let r(m) = m**2 - 6*m - 8. Give r(h).
-8
Let l be (20*2)/5 - 2. Suppose -3*z = -3*v - 18, 4*z - 30 = v - l. Let x(g) = g**2 - 6*g - 6. What is x(z)?
-6
Let f(s) = 2*s**2 - 2*s + 2. Suppose -12*n + 11*n = -3. What is f(n)?
14
Let r = -47 - -45. Let b(p) = 2*p**3 - 3*p**2 - 8. Let i(x) = x**3 - 4*x**2 - 7. Let j(d) = r*b(d) + 3*i(d). Suppose -4*w - w - 30 = 0. Give j(w).
-5
Let g(s) = -4*s - 1. Let o be g(-1). Let f(p) = -8*p + 7*p + 8 - o. Determine f(-5).
10
Let j(i) = 1 - 2*i + i**2 - 5 - 5*i. Let d(s) = -s**3 + 8*s**2 + 9*s + 34. Let x be d(9). Suppose -4*n + 4*v + 40 = 0, 0 = 4*n + n - v - x. Give j(n).
-10
Suppose -3*l + 4*p + 31 = 0, 6*l - 22 = 3*l - 5*p. Let n(h) = -l - 7 - 3*h**2 + 2*h**3 + 14 + h - 5*h. What is n(-2)?
-22
Let z(l) = -l**3 + 3*l**2 + 2*l. Let o(p) = -p**3 - 12*p**2 - 12*p - 16. Let d be o(-11). Let h be (0 - -1) + (-24)/(d + -3). Calculate z(h).
-8
Suppose 15 = b + 4*h, -2*b + 4*h - 11 = -7*b. Let o(s) = s**2 - 13*s + 2. Let m(p) = p. Let q(z) = b*o(z) - 6*m(z). Let t = -396 - -399. Calculate q(t).
10
Let p = -18 - -21. Let n(x) = 5*x**3 + x**2 + x - 1. Let v be n(1). Let d(y) = 1 + v*y**3 + 7*y**3 + 4*y**3 - 3*y**p + y**2 + y. What is d(-1)?
-13
Suppose 5*k + 613 - 558 = 0. Let m(b) = b**2 + 8*b - 18. Give m(k).
15
Let z(l) be the second derivative of l**4/12 + 2*l**3/3 + l**2/2 + 73*l. What is z(-3)?
-2
Let w(v) = -v + 5. Let l(o) = o + 26. Let s(h) = -26. Let i(d) = -6*l(d) - 7*s(d). Let j(r) = 2*i(r) - 11*w(r). Give j(8).
-11
Let c(b) = 5 - 11*b**2 + 43*b + 12*b**2 - 51*b. Calculate c(11).
38
Let h(d) = -d**3 - 4*d**2 + 11*d + 3. Let n be h(-6). Let c(y) = -3*y + 9. What is c(n)?
-18
Let v(j) be the second derivative of 0 - 20*j - 1/2*j**2 + 5/6*j**3. Determine v(1).
4
Let c(q) = -5*q + 12. Suppose 11*v - 6*v = 2*d - 38, 0 = -5*d + v + 49. What is c(d)?
-33
Let n(l) = l**2 + 3. Let g(a) = -3*a**2 - a - 6. Let v(d) = 2*g(d) + 5*n(d). Give v(2).
-5
Let j(a) be the first derivative of a**4/24 - a**3/3 + 3*a**2 - 37. Let b(h) be the second derivative of j(h). Determine b(-7).
-9
Let b = 5 + -7. Suppose 6*q = q + 15. Let r(h) = 2*h**3 + 0*h**2 - h**2 - q*h**3 - h. Calculate r(b).
6
Let q(t) be the third derivative of 7*t**5/60 + t**4/4 + t**3/3 + 3*t**2. Let v be q(-2). Let z(h) = -33 + 20 + 2*h + v. Give z(-4).
-3
Let d be (-1)/(-4) - (9/4 - 2). Let x(h) = 7*h - h + d - 10*h + 1. What is x(-2)?
9
Let j(l) = -7*l - 9*l + 18*l - 3. Suppose 7*p + 5 = 40. Calculate j(p).
7
Let g(y) = -y**3 + 19*y**2 - 59*y - 12. Let d be g(15). Let f(z) = 3*z**2 + 3*z. Give f(d).
36
Let b be (-66)/(-12) - (-3)/6. Suppose 0 = 4*i - 5*m - b, -5*i + m + 1 + 17 = 0. Let s(l) = -l**2 + 3*l + 5. Calculate s(i).
1
Suppose 5*s + 15 = 0, 4*b - 2*s - 17 = -3. Let i be b/2 + (-18)/6. Let w be ((-5)/(-2))/(1/i). Let v(c) = c**2 + 6*c - 4. What is v(w)?
-9
Let a be (-1)/6*(-18)/12. Let h(u) be the first derivative of 5/3*u**3 - a*u**4 + 7 - 3*u - u**2. Give h(3).
9
Let h(y) = -27*y**2 + 4*y - 6. Let i(t) = 31*t**2 - 4*t + 8. Let n(f) = 7*h(f) + 6*i(f). Calculate n(4).
-26
Let f(p) = -p**3 - 3*p**2 - 2*p - 5. Let b be f(-3). Let q(r) = 4*r**3 - 5*r**3 - 1 + 0*r**3. Determine q(b).
-2
Let k = -674 + 677. Let l(n) be the second derivative of -1/6*n**k + 6*n + 1/2*n**2 + 0. Calculate l(7).
-6
Let a(l) = -l**3 - 5*l**2 - 2*l - 6. Let z be a(-5). Let f(k) be the second derivative of -k**4/12 + 5*k**3/6 + 3*k**2/2 - 996*k. Give f(z).
7
Let y(l) be the second derivative of -l**5/60 - 2*l**3/3 - l**2/2 + 12*l. Let r(k) be the first derivative of y(k). Let v = 3 + 0. Calculate r(v).
-13
Let r be 84/20 - 4 - (-59)/5. Suppose 2*z = -z - r. Let q(o) = o**3 + 4*o**2 + o + 2. Determine q(z).
-2
Let z(r) = 6*r - 2*r + 0*r + 28 + 7*r - 9*r. Determine z(-17).
-6
Let c(u) = -7*u**3 - 12*u**2 + 2*u + 4. Let b(s) = -9*s**3 - 14*s**2 + 3*s + 5. Let a(q) = 3*b(q) - 4*c(q). Determine a(-6).
-7
Let a(f) = -28*f + 41. Let c(o) = -13*o + 21. Let x(h) = 6*a(h) - 13*c(h). Give x(9).
-18
Let f(n) = -3*n**2 - 2*n. Suppose 0 = -118*x + 114*x - 8. Calculate f(x).
-8
Let h be 3 - (0 - 1)*-1. Suppose -h*o = o. Suppose m = -o*m - 7. Let k(r) = -r**2 - 8*r - 4. Calculate k(m).
3
Let w(z) = -40*z**3 - 44*z**3 + 4*z + 166*z**3 + 8 - 45*z**3 + 5*z**2 - 38*z**3. Suppose -3*r + 14 = -4. Determine w(r).
-4
Let n(j) = -8*j**2 + 15*j + 11. Let q(z) = 5*z**2 - 8*z - 6. Let f(h) = -3*n(h) - 5*q(h). Calculate f(-4).
1
Let i(x) be the second derivative of x**5/20 + x**4/6 + x**3/2 + 2*x**2 - 2*x. Let d(l) = -l**3 + 2*l - 3. Let o be d(0). Calculate i(o).
-14
Let l be (2 + 0)/(1/(-2) + 0). Let h(i) be the second derivative of -i**6/240 - i**5/20 + i**4/2 + 11*i. Let g(t) be the third derivative of h(t). Give g(l).
6
Let z(n) = -3*n**2 - 19*n + 3. Let a(g) = 10*g**2 + 62*g - 8. Let f(o) = -5*a(o) - 16*z(o). What is f(-2)?
-4
Let s(w) = w**2 - 7 - 9*w + 17*w - 3*w. Let q be s(-5). Let g(l) = -l**3 - 7*l**2 - 2*l - 3. Determine g(q).
11
Suppose 4*i - 2 = 2*m, 3*i + 4*m = -0*i + 18. Let d(x) = 1. Let n(c) = -4*c - 2. Let p(l) = -3*d(l) - n(l). Calculate p(i).
7
Let b = 29031 - 29043. Let t(h) = -5 + 11 + 4 + h. Calculate t(b).
-2
Let q(n) = -14*n + 5*n**2 - 1 + 21*n - 11*n - n**3. What is q(3)?
5
Let l = 1036 - 1023. Let k(g) = -3*g + 33. What is k(l)?
-6
Let q(c) = c - 4. Let j(b) = -b + 3. Let y(s) = -7*j(s) - 6*q(s). Let t be (3/15)/(-2*(-3)/90). What is y(t)?
6
Let w(t) = 728*t**3 - 2*t - 1 - 1 - 727*t**3 - 4*t**2. Let i = -5 + 10. What is w(i)?
13
Let q(t) = t**2 + t + 6. Let l be q(0). Let f be 50/15*l/4. Let w(c) = 12*c**3 - 6 - 1 - 13*c**3 - f*c + 6*c**2. Calculate w(5).
-7
Let f(w) = -w**2 + 1. Let z = -11 + 10. Let g(k) = k**3 - 2*k**2 - 2*k + 6. Let b(r) = z*g(r) + 3*f(r). Calculate b(2).
-11
Let j(c) be the third derivative of -c**7/5040 - c**6/120 + c**5/6 - 6*c**2. Let f(g) be the third derivative of j(g). What is f(-7)?
1
Let x(u) = u**3 - 8*u**2 + 16*u - 19. Let d be x(6). Let m(r) = -r**2 + r + 12. Determine m(d).
-8
Let g(p) = p - 1. Let j be g(9). Suppose 0 = 3*s - j - 1. Let i(y) = -y + s*y**2 + y - 2*y**2. Determine i(-1).
1
Let y be 2*(-6 - (-33)/6). Let c(d) = -5*d - 2. Calculate c(y).
3
Let y(h) = 5*h + 13. Let d(b) = -18*b - 40. Let c(w) = -2*d(w) - 7*y(w). Determine c(11).
0
Suppose -4*d = -7*d - 3*v, 2*v = -3*d - 3. Let x(c) = -4*c + 2. Give x(d).
14
Let q = -531 - -533. Let o(u) = -9*u**2 + 2*u + 2. Give o(q).
-30
Let r = 406 - 406. Let u(c) = c**3 + c**2 + 1. Determine u(r).
1
Let z(x) = -18 + x**3 + 10 + 16*x - 9*x**2 - 6*x**2. What is z(14)?
20
Let p(q) = -q + 4. Suppose -7*r - h + 2 = -4*r, -2*r + 4*h = 8. Give p(r).
4
Suppose 2*t + 989 = 997. Let x(d) = -d**2 - 2*d + 5. What